{"id":127,"date":"2023-05-09T12:58:12","date_gmt":"2023-05-09T10:58:12","guid":{"rendered":"http:\/\/museedesparachutistes.com\/?page_id=127"},"modified":"2024-01-15T09:26:31","modified_gmt":"2024-01-15T08:26:31","slug":"enseignants-scolaires","status":"publish","type":"page","link":"https:\/\/museedesparachutistes.com\/?page_id=127","title":{"rendered":"Enseignants\/Scolaires"},"content":{"rendered":"\t\t<div data-elementor-type=\"wp-page\" data-elementor-id=\"127\" class=\"elementor elementor-127\">\n\t\t\t\t\t\t<section class=\"elementor-section elementor-top-section elementor-element elementor-element-145538a elementor-section-boxed elementor-section-height-default elementor-section-height-default\" data-id=\"145538a\" data-element_type=\"section\">\n\t\t\t\t\t\t<div class=\"elementor-container elementor-column-gap-default\">\n\t\t\t\t\t<div class=\"elementor-column elementor-col-100 elementor-top-column elementor-element elementor-element-c1f8c84\" data-id=\"c1f8c84\" data-element_type=\"column\">\n\t\t\t<div class=\"elementor-widget-wrap\">\n\t\t\t\t\t\t\t<\/div>\n\t\t<\/div>\n\t\t\t\t\t<\/div>\n\t\t<\/section>\n\t\t\t\t<section class=\"elementor-section elementor-top-section elementor-element elementor-element-0f1a656 elementor-section-boxed elementor-section-height-default elementor-section-height-default\" data-id=\"0f1a656\" data-element_type=\"section\">\n\t\t\t\t\t\t<div class=\"elementor-container elementor-column-gap-default\">\n\t\t\t\t\t<div class=\"elementor-column elementor-col-100 elementor-top-column elementor-element elementor-element-138db7e\" data-id=\"138db7e\" data-element_type=\"column\">\n\t\t\t<div class=\"elementor-widget-wrap elementor-element-populated\">\n\t\t\t\t\t\t<div class=\"elementor-element elementor-element-7c37361 elementor-widget elementor-widget-text-editor\" data-id=\"7c37361\" data-element_type=\"widget\" data-widget_type=\"text-editor.default\">\n\t\t\t\t<div class=\"elementor-widget-container\">\n\t\t\t<style>\/*! elementor - v3.20.0 - 26-03-2024 *\/\n.elementor-widget-text-editor.elementor-drop-cap-view-stacked .elementor-drop-cap{background-color:#69727d;color:#fff}.elementor-widget-text-editor.elementor-drop-cap-view-framed .elementor-drop-cap{color:#69727d;border:3px solid;background-color:transparent}.elementor-widget-text-editor:not(.elementor-drop-cap-view-default) .elementor-drop-cap{margin-top:8px}.elementor-widget-text-editor:not(.elementor-drop-cap-view-default) .elementor-drop-cap-letter{width:1em;height:1em}.elementor-widget-text-editor .elementor-drop-cap{float:left;text-align:center;line-height:1;font-size:50px}.elementor-widget-text-editor .elementor-drop-cap-letter{display:inline-block}<\/style>\t\t\t\t<p>Vous trouverez\u00a0<a href=\"https:\/\/museedesparachutistes.com\/wp-content\/uploads\/2024\/01\/Offre-educative-avec-modifs.pdf\" target=\"_blank\" rel=\"noopener\">ici<\/a>\u00a0un guide complet de notre offre \u00e9ducative.<\/p><p>Les groupes et associations peuvent visiter le mus\u00e9e aux horaires d\u2019ouverture ou alors le matin sur r\u00e9servation, de 9 heures \u00e0 12 heures.<\/p><p>Le personnel du mus\u00e9e vous propose \u00e9galement des ateliers p\u00e9dagogiques sur diff\u00e9rents th\u00e8mes tels que l&rsquo;\u00e9quipement ou l&rsquo;Histoire.\u00a0<\/p><p><span style=\"color: #3c3c3c; font-family: 'Open Sans', sans-serif; font-size: 14px;\">Pour r\u00e9server votre visite ou pour tout renseignement compl\u00e9mentaire, n\u2019h\u00e9sitez pas \u00e0 joindre le mus\u00e9e au 05.59.40.49.19 ou remplir le formulaire de contact.<\/span><\/p>\t\t\t\t\t\t<\/div>\n\t\t\t\t<\/div>\n\t\t\t\t\t<\/div>\n\t\t<\/div>\n\t\t\t\t\t<\/div>\n\t\t<\/section>\n\t\t\t\t<section class=\"elementor-section elementor-top-section elementor-element elementor-element-ec8c459 elementor-section-boxed elementor-section-height-default elementor-section-height-default\" data-id=\"ec8c459\" data-element_type=\"section\">\n\t\t\t\t\t\t<div class=\"elementor-container elementor-column-gap-default\">\n\t\t\t\t\t<div class=\"elementor-column elementor-col-100 elementor-top-column elementor-element elementor-element-bec7cbc\" data-id=\"bec7cbc\" data-element_type=\"column\">\n\t\t\t<div class=\"elementor-widget-wrap elementor-element-populated\">\n\t\t\t\t\t\t<div class=\"elementor-element elementor-element-51328bb elementor-widget elementor-widget-shortcode\" data-id=\"51328bb\" data-element_type=\"widget\" data-widget_type=\"shortcode.default\">\n\t\t\t\t<div class=\"elementor-widget-container\">\n\t\t\t\t\t<div class=\"elementor-shortcode\">\n<\/div>\n\t\t\t\t<\/div>\n\t\t\t\t<\/div>\n\t\t\t\t\t<\/div>\n\t\t<\/div>\n\t\t\t\t\t<\/div>\n\t\t<\/section>\n\t\t\t\t<\/div>\n\t\t","protected":false},"excerpt":{"rendered":"<p>Vous trouverez\u00a0ici\u00a0un guide complet de notre offre \u00e9ducative. Les groupes et associations peuvent visiter le mus\u00e9e aux horaires d\u2019ouverture ou alors le matin sur r\u00e9servation, de 9 heures \u00e0 12 heures. Le personnel du mus\u00e9e vous propose \u00e9galement des ateliers p\u00e9dagogiques sur diff\u00e9rents th\u00e8mes tels que l&rsquo;\u00e9quipement ou l&rsquo;Histoire.\u00a0 Pour r\u00e9server votre visite ou pour tout renseignement compl\u00e9mentaire, n\u2019h\u00e9sitez pas \u00e0 joindre le mus\u00e9e au 05.59.40.49.19 ou remplir le formulaire de contact.<\/p>\n","protected":false},"author":1,"featured_media":0,"parent":0,"menu_order":0,"comment_status":"closed","ping_status":"closed","template":"","meta":{"footnotes":""},"class_list":["post-127","page","type-page","status-publish","hentry"],"jetpack_sharing_enabled":true,"_links":{"self":[{"href":"https:\/\/museedesparachutistes.com\/index.php?rest_route=\/wp\/v2\/pages\/127"}],"collection":[{"href":"https:\/\/museedesparachutistes.com\/index.php?rest_route=\/wp\/v2\/pages"}],"about":[{"href":"https:\/\/museedesparachutistes.com\/index.php?rest_route=\/wp\/v2\/types\/page"}],"author":[{"embeddable":true,"href":"https:\/\/museedesparachutistes.com\/index.php?rest_route=\/wp\/v2\/users\/1"}],"replies":[{"embeddable":true,"href":"https:\/\/museedesparachutistes.com\/index.php?rest_route=%2Fwp%2Fv2%2Fcomments&post=127"}],"version-history":[{"count":13,"href":"https:\/\/museedesparachutistes.com\/index.php?rest_route=\/wp\/v2\/pages\/127\/revisions"}],"predecessor-version":[{"id":565,"href":"https:\/\/museedesparachutistes.com\/index.php?rest_route=\/wp\/v2\/pages\/127\/revisions\/565"}],"wp:attachment":[{"href":"https:\/\/museedesparachutistes.com\/index.php?rest_route=%2Fwp%2Fv2%2Fmedia&parent=127"}],"curies":[{"name":"wp","href":"https:\/\/api.w.org\/{rel}","templated":true}]}}