{"id":59,"date":"2023-05-09T10:51:06","date_gmt":"2023-05-09T08:51:06","guid":{"rendered":"http:\/\/museedesparachutistes.com\/?page_id=59"},"modified":"2025-02-11T09:55:20","modified_gmt":"2025-02-11T08:55:20","slug":"accueil","status":"publish","type":"page","link":"https:\/\/museedesparachutistes.com\/","title":{"rendered":""},"content":{"rendered":"\t\t<div data-elementor-type=\"wp-page\" data-elementor-id=\"59\" class=\"elementor elementor-59\">\n\t\t\t\t\t\t<section class=\"elementor-section elementor-top-section elementor-element elementor-element-f8fc1c3 elementor-section-boxed elementor-section-height-default elementor-section-height-default\" data-id=\"f8fc1c3\" data-element_type=\"section\">\n\t\t\t\t\t\t<div class=\"elementor-container elementor-column-gap-default\">\n\t\t\t\t\t<div class=\"elementor-column elementor-col-100 elementor-top-column elementor-element elementor-element-d1ac34d\" data-id=\"d1ac34d\" data-element_type=\"column\">\n\t\t\t<div class=\"elementor-widget-wrap\">\n\t\t\t\t\t\t\t<\/div>\n\t\t<\/div>\n\t\t\t\t\t<\/div>\n\t\t<\/section>\n\t\t\t\t<section class=\"elementor-section elementor-top-section elementor-element elementor-element-1863c29 elementor-section-boxed elementor-section-height-default elementor-section-height-default\" data-id=\"1863c29\" data-element_type=\"section\">\n\t\t\t\t\t\t<div class=\"elementor-container elementor-column-gap-default\">\n\t\t\t\t\t<div class=\"elementor-column elementor-col-100 elementor-top-column elementor-element elementor-element-0c59ded\" data-id=\"0c59ded\" data-element_type=\"column\">\n\t\t\t<div class=\"elementor-widget-wrap elementor-element-populated\">\n\t\t\t\t\t\t<div class=\"elementor-element elementor-element-b7852eb elementor-widget elementor-widget-heading\" data-id=\"b7852eb\" data-element_type=\"widget\" data-widget_type=\"heading.default\">\n\t\t\t\t<div class=\"elementor-widget-container\">\n\t\t\t<style>\/*! elementor - v3.20.0 - 26-03-2024 *\/\n.elementor-heading-title{padding:0;margin:0;line-height:1}.elementor-widget-heading .elementor-heading-title[class*=elementor-size-]>a{color:inherit;font-size:inherit;line-height:inherit}.elementor-widget-heading .elementor-heading-title.elementor-size-small{font-size:15px}.elementor-widget-heading .elementor-heading-title.elementor-size-medium{font-size:19px}.elementor-widget-heading .elementor-heading-title.elementor-size-large{font-size:29px}.elementor-widget-heading .elementor-heading-title.elementor-size-xl{font-size:39px}.elementor-widget-heading .elementor-heading-title.elementor-size-xxl{font-size:59px}<\/style><h2 class=\"elementor-heading-title elementor-size-default\">Bienvenue au mus\u00e9e-m\u00e9morial des parachutistes !<\/h2>\t\t<\/div>\n\t\t\t\t<\/div>\n\t\t\t\t\t<\/div>\n\t\t<\/div>\n\t\t\t\t\t<\/div>\n\t\t<\/section>\n\t\t\t\t<section class=\"elementor-section elementor-top-section elementor-element elementor-element-eb8dfac elementor-section-boxed elementor-section-height-default elementor-section-height-default\" data-id=\"eb8dfac\" data-element_type=\"section\">\n\t\t\t\t\t\t<div class=\"elementor-container elementor-column-gap-default\">\n\t\t\t\t\t<div class=\"elementor-column elementor-col-100 elementor-top-column elementor-element elementor-element-b7fc009\" data-id=\"b7fc009\" data-element_type=\"column\">\n\t\t\t<div class=\"elementor-widget-wrap elementor-element-populated\">\n\t\t\t\t\t\t<div class=\"elementor-element elementor-element-2d824f0 elementor-widget elementor-widget-text-editor\" data-id=\"2d824f0\" data-element_type=\"widget\" data-widget_type=\"text-editor.default\">\n\t\t\t\t<div class=\"elementor-widget-container\">\n\t\t\t<style>\/*! elementor - v3.20.0 - 26-03-2024 *\/\n.elementor-widget-text-editor.elementor-drop-cap-view-stacked .elementor-drop-cap{background-color:#69727d;color:#fff}.elementor-widget-text-editor.elementor-drop-cap-view-framed .elementor-drop-cap{color:#69727d;border:3px solid;background-color:transparent}.elementor-widget-text-editor:not(.elementor-drop-cap-view-default) .elementor-drop-cap{margin-top:8px}.elementor-widget-text-editor:not(.elementor-drop-cap-view-default) .elementor-drop-cap-letter{width:1em;height:1em}.elementor-widget-text-editor .elementor-drop-cap{float:left;text-align:center;line-height:1;font-size:50px}.elementor-widget-text-editor .elementor-drop-cap-letter{display:inline-block}<\/style>\t\t\t\t<p><span style=\"caret-color: #3c3c3c; color: #3c3c3c; font-family: 'Open Sans', sans-serif; font-size: 14px; text-align: justify; letter-spacing: 0px;\">Le mus\u00e9e-m\u00e9morial des parachutistes est le seul mus\u00e9e d\u00e9positaire de l&rsquo;identit\u00e9 de l&rsquo;ensemble des troupes a\u00e9roport\u00e9es fran\u00e7aises. Il vous propose de d\u00e9couvrir leur histoire, leurs traditions, leur patrimoine et leur actualit\u00e9.<\/span><\/p>\t\t\t\t\t\t<\/div>\n\t\t\t\t<\/div>\n\t\t\t\t\t<\/div>\n\t\t<\/div>\n\t\t\t\t\t<\/div>\n\t\t<\/section>\n\t\t\t\t<section class=\"elementor-section elementor-top-section elementor-element elementor-element-12fa2b8 elementor-section-boxed elementor-section-height-default elementor-section-height-default\" data-id=\"12fa2b8\" data-element_type=\"section\">\n\t\t\t\t\t\t<div class=\"elementor-container elementor-column-gap-default\">\n\t\t\t\t\t<div class=\"elementor-column elementor-col-100 elementor-top-column elementor-element elementor-element-97c4274\" data-id=\"97c4274\" data-element_type=\"column\">\n\t\t\t<div class=\"elementor-widget-wrap elementor-element-populated\">\n\t\t\t\t\t\t<div class=\"elementor-element elementor-element-8d042ab elementor-widget elementor-widget-heading\" data-id=\"8d042ab\" data-element_type=\"widget\" data-widget_type=\"heading.default\">\n\t\t\t\t<div class=\"elementor-widget-container\">\n\t\t\t<h2 class=\"elementor-heading-title elementor-size-default\">Soutenez le mus\u00e9e <\/h2>\t\t<\/div>\n\t\t\t\t<\/div>\n\t\t\t\t<div class=\"elementor-element elementor-element-0154125 elementor-widget elementor-widget-text-editor\" data-id=\"0154125\" data-element_type=\"widget\" data-widget_type=\"text-editor.default\">\n\t\t\t\t<div class=\"elementor-widget-container\">\n\t\t\t\t\t\t\t<p style=\"box-sizing: inherit; line-height: 1em; overflow-wrap: break-word; font-size: 32px; margin-bottom: 0.55em; color: #8c0023; font-family: Georgia, Times, 'Times New Roman', serif; font-style: normal;\"><span style=\"color: #3c3c3c; font-family: 'Open Sans', sans-serif; font-size: 14px; font-weight: 400; text-align: justify;\">Le Mus\u00e9e m\u00e9morial des parachutistes est gratuit pour tous. Il a la volont\u00e9 de permettre \u00e0 un plus grand nombre d&rsquo;avoir acc\u00e8s au riche patrimoine des arm\u00e9es, notamment gr\u00e2ce \u00e0 l&rsquo;action des nombreux b\u00e9n\u00e9voles impliqu\u00e9s pour vous accompagner.<\/span><br style=\"box-sizing: inherit; color: #3c3c3c; font-family: 'Open Sans', sans-serif; font-size: 14px; font-weight: 400; text-align: justify;\" \/><span style=\"color: #3c3c3c; font-family: 'Open Sans', sans-serif; font-size: 14px; font-weight: 400; text-align: justify;\">Soutenez le mus\u00e9e afin de nous aider \u00e0 toujours vous offrir une exp\u00e9rience inoubliable !\u00a0<\/span><strong style=\"box-sizing: inherit; color: #3c3c3c; font-family: 'Open Sans', sans-serif; font-size: 14px; text-align: justify;\">Vos dons peuvent d\u00e9sormais \u00eatre d\u00e9fiscalis\u00e9s !<\/strong><\/p>\t\t\t\t\t\t<\/div>\n\t\t\t\t<\/div>\n\t\t\t\t<div class=\"elementor-element elementor-element-4e6bd16 elementor-widget__width-initial elementor-widget elementor-widget-image\" data-id=\"4e6bd16\" data-element_type=\"widget\" data-widget_type=\"image.default\">\n\t\t\t\t<div class=\"elementor-widget-container\">\n\t\t\t<style>\/*! elementor - v3.20.0 - 26-03-2024 *\/\n.elementor-widget-image{text-align:center}.elementor-widget-image a{display:inline-block}.elementor-widget-image a img[src$=\".svg\"]{width:48px}.elementor-widget-image img{vertical-align:middle;display:inline-block}<\/style>\t\t\t\t\t\t\t\t\t\t\t<a href=\"https:\/\/www.union-nat-parachutistes.org\" target=\"_blank\">\n\t\t\t\t\t\t\t<img decoding=\"async\" width=\"150\" height=\"150\" src=\"https:\/\/museedesparachutistes.com\/wp-content\/uploads\/2024\/08\/logo-1713197584.jpg-150x150.png\" class=\"attachment-thumbnail size-thumbnail wp-image-936\" alt=\"\" srcset=\"https:\/\/museedesparachutistes.com\/wp-content\/uploads\/2024\/08\/logo-1713197584.jpg-150x150.png 150w, https:\/\/museedesparachutistes.com\/wp-content\/uploads\/2024\/08\/logo-1713197584.jpg-100x100.png 100w\" sizes=\"(max-width: 150px) 100vw, 150px\" \/>\t\t\t\t\t\t\t\t<\/a>\n\t\t\t\t\t\t\t\t\t\t\t\t\t<\/div>\n\t\t\t\t<\/div>\n\t\t\t\t\t<\/div>\n\t\t<\/div>\n\t\t\t\t\t<\/div>\n\t\t<\/section>\n\t\t\t\t<\/div>\n\t\t","protected":false},"excerpt":{"rendered":"<p>Bienvenue au mus\u00e9e-m\u00e9morial des parachutistes ! Le mus\u00e9e-m\u00e9morial des parachutistes est le seul mus\u00e9e d\u00e9positaire de l&rsquo;identit\u00e9 de l&rsquo;ensemble des troupes a\u00e9roport\u00e9es fran\u00e7aises. Il vous propose de d\u00e9couvrir leur histoire, leurs traditions, leur patrimoine et leur actualit\u00e9. Soutenez le mus\u00e9e Le Mus\u00e9e m\u00e9morial des parachutistes est gratuit pour tous. Il a la volont\u00e9 de permettre \u00e0 un plus grand nombre d&rsquo;avoir acc\u00e8s au riche patrimoine des arm\u00e9es, notamment gr\u00e2ce \u00e0 l&rsquo;action des nombreux b\u00e9n\u00e9voles impliqu\u00e9s pour vous accompagner.Soutenez le mus\u00e9e afin de nous aider \u00e0 toujours vous offrir une exp\u00e9rience inoubliable !\u00a0Vos dons peuvent d\u00e9sormais \u00eatre d\u00e9fiscalis\u00e9s !<\/p>\n","protected":false},"author":1,"featured_media":0,"parent":0,"menu_order":0,"comment_status":"closed","ping_status":"closed","template":"","meta":{"footnotes":""},"class_list":["post-59","page","type-page","status-publish","hentry"],"jetpack_sharing_enabled":true,"_links":{"self":[{"href":"https:\/\/museedesparachutistes.com\/index.php?rest_route=\/wp\/v2\/pages\/59"}],"collection":[{"href":"https:\/\/museedesparachutistes.com\/index.php?rest_route=\/wp\/v2\/pages"}],"about":[{"href":"https:\/\/museedesparachutistes.com\/index.php?rest_route=\/wp\/v2\/types\/page"}],"author":[{"embeddable":true,"href":"https:\/\/museedesparachutistes.com\/index.php?rest_route=\/wp\/v2\/users\/1"}],"replies":[{"embeddable":true,"href":"https:\/\/museedesparachutistes.com\/index.php?rest_route=%2Fwp%2Fv2%2Fcomments&post=59"}],"version-history":[{"count":349,"href":"https:\/\/museedesparachutistes.com\/index.php?rest_route=\/wp\/v2\/pages\/59\/revisions"}],"predecessor-version":[{"id":1465,"href":"https:\/\/museedesparachutistes.com\/index.php?rest_route=\/wp\/v2\/pages\/59\/revisions\/1465"}],"wp:attachment":[{"href":"https:\/\/museedesparachutistes.com\/index.php?rest_route=%2Fwp%2Fv2%2Fmedia&parent=59"}],"curies":[{"name":"wp","href":"https:\/\/api.w.org\/{rel}","templated":true}]}}