{"id":80,"date":"2023-05-09T10:54:15","date_gmt":"2023-05-09T08:54:15","guid":{"rendered":"http:\/\/museedesparachutistes.com\/?page_id=80"},"modified":"2024-09-03T10:57:33","modified_gmt":"2024-09-03T08:57:33","slug":"les-soutiens","status":"publish","type":"page","link":"https:\/\/museedesparachutistes.com\/?page_id=80","title":{"rendered":"Les soutiens"},"content":{"rendered":"\t\t<div data-elementor-type=\"wp-page\" data-elementor-id=\"80\" class=\"elementor elementor-80\">\n\t\t\t\t\t\t<section class=\"elementor-section elementor-top-section elementor-element elementor-element-d5db119 elementor-section-boxed elementor-section-height-default elementor-section-height-default\" data-id=\"d5db119\" data-element_type=\"section\">\n\t\t\t\t\t\t<div class=\"elementor-container elementor-column-gap-default\">\n\t\t\t\t\t<div class=\"elementor-column elementor-col-100 elementor-top-column elementor-element elementor-element-3db0452\" data-id=\"3db0452\" data-element_type=\"column\">\n\t\t\t<div class=\"elementor-widget-wrap elementor-element-populated\">\n\t\t\t\t\t\t<div class=\"elementor-element elementor-element-4d9cc86 elementor-widget elementor-widget-text-editor\" data-id=\"4d9cc86\" data-element_type=\"widget\" data-widget_type=\"text-editor.default\">\n\t\t\t\t<div class=\"elementor-widget-container\">\n\t\t\t<style>\/*! elementor - v3.20.0 - 26-03-2024 *\/\n.elementor-widget-text-editor.elementor-drop-cap-view-stacked .elementor-drop-cap{background-color:#69727d;color:#fff}.elementor-widget-text-editor.elementor-drop-cap-view-framed .elementor-drop-cap{color:#69727d;border:3px solid;background-color:transparent}.elementor-widget-text-editor:not(.elementor-drop-cap-view-default) .elementor-drop-cap{margin-top:8px}.elementor-widget-text-editor:not(.elementor-drop-cap-view-default) .elementor-drop-cap-letter{width:1em;height:1em}.elementor-widget-text-editor .elementor-drop-cap{float:left;text-align:center;line-height:1;font-size:50px}.elementor-widget-text-editor .elementor-drop-cap-letter{display:inline-block}<\/style>\t\t\t\t<p>Le&nbsp;Mus\u00e9e m\u00e9morial des parachutistes&nbsp;fonctionne gr\u00e2ce \u00e0 l&rsquo;aide de ses b\u00e9n\u00e9voles et \u00e0 la g\u00e9n\u00e9rosit\u00e9 de ses visiteurs.<\/p>\n<p>Si vous souhaitez aider le mus\u00e9e, vous pouvez le faire de diff\u00e9rentes fa\u00e7ons.<\/p>\n<h5 style=\"box-sizing: inherit; font-weight: inherit; line-height: 1em; overflow-wrap: break-word; font-size: 16px; margin-bottom: 1.3em; color: #8c0023; font-family: Georgia, Times, 'Times New Roman', serif;\">Faire un don de documentation<\/h5>\n<p style=\"box-sizing: inherit; margin-bottom: 20px; color: #3c3c3c; font-family: 'Open Sans', sans-serif; font-size: 14px;\">Que ce soit \u00e0 propos de votre histoire personnelle au sein des troupes a\u00e9roport\u00e9es ou de la documentation qui concerne plus g\u00e9n\u00e9ralement les \u00e9v\u00e8nements du XXe et XXIe si\u00e8cles, n&rsquo;h\u00e9sitez pas \u00e0 vous rapprocher de l&rsquo;\u00e9quipe du mus\u00e9e. Vos documents rejoindront le centre des archives du mus\u00e9e.<\/p>\n<h5 style=\"box-sizing: inherit; font-weight: inherit; line-height: 1em; overflow-wrap: break-word; font-size: 16px; margin-bottom: 1.3em; color: #8c0023; font-family: Georgia, Times, 'Times New Roman', serif;\">Faire un don de mat\u00e9riel<\/h5>\n<p style=\"box-sizing: inherit; margin-bottom: 20px; color: #3c3c3c; font-family: 'Open Sans', sans-serif; font-size: 14px;\">Les collections du mus\u00e9e des parachutistes sont constitu\u00e9es de nombreux dons re\u00e7us au fil des ann\u00e9es. Faire un don de mat\u00e9riel vous permet d&rsquo;apporter votre pierre \u00e0 la construction de la m\u00e9moire des troupes a\u00e9roport\u00e9es.<br style=\"box-sizing: inherit;\">N&rsquo;h\u00e9sitez pas \u00e0 vous rapprocher de l&rsquo;\u00e9quipe du mus\u00e9e.<\/p>\n<h5 style=\"box-sizing: inherit; font-weight: inherit; line-height: 1em; overflow-wrap: break-word; font-size: 16px; margin-bottom: 1.3em; color: #8c0023; font-family: Georgia, Times, 'Times New Roman', serif;\">Faire un don financier<\/h5>\t\t\t\t\t\t<\/div>\n\t\t\t\t<\/div>\n\t\t\t\t\t<\/div>\n\t\t<\/div>\n\t\t\t\t\t<\/div>\n\t\t<\/section>\n\t\t\t\t<section class=\"elementor-section elementor-top-section elementor-element elementor-element-4fedab4 elementor-section-boxed elementor-section-height-default elementor-section-height-default\" data-id=\"4fedab4\" data-element_type=\"section\">\n\t\t\t\t\t\t<div class=\"elementor-container elementor-column-gap-default\">\n\t\t\t\t\t<div class=\"elementor-column elementor-col-100 elementor-top-column elementor-element elementor-element-cfa6bff\" data-id=\"cfa6bff\" data-element_type=\"column\">\n\t\t\t<div class=\"elementor-widget-wrap elementor-element-populated\">\n\t\t\t\t\t\t<div class=\"elementor-element elementor-element-86fcd75 elementor-widget elementor-widget-text-editor\" data-id=\"86fcd75\" data-element_type=\"widget\" data-widget_type=\"text-editor.default\">\n\t\t\t\t<div class=\"elementor-widget-container\">\n\t\t\t\t\t\t\t<p><span style=\"font-style: inherit;\">Le mus\u00e9e-m\u00e9morial des parachutistes oeuvre au quotidien pour pr\u00e9server la m\u00e9moire et le patrimoine des parachutistes.&nbsp;<\/span><br><\/p><p><span style=\"font-style: inherit;\">Nous sommes aujourd\u2019hui \u00e0 la recherche de nouveaux contributeurs pour soutenir un projet qui nous tient particuli\u00e8rement \u00e0 coeur. C\u2019est pourquoi nous faisons appel \u00e0 votre soutien et votre g\u00e9n\u00e9rosit\u00e9 pour nous aider \u00e0 r\u00e9aliser le transfert du Transall C-160 R211 de l\u2019a\u00e9roport de Pau vers le site du mus\u00e9e-m\u00e9morial des parachutistes. La contribution des premiers donateurs a permis en 2023 de r\u00e9aliser le d\u00e9montage et d\u2019am\u00e9nager la zone d\u2019accueil de l\u2019a\u00e9ronef. Nous avons besoin de vous pour contribuer au financement du transport et du remontage. Ainsi toute aide apport\u00e9e sera pr\u00e9cieuse et nous permettra de concr\u00e9tiser ce projet.<\/span><\/p><p><span style=\"font-style: inherit;\"><font color=\"#3c3c3c\" face=\"Open Sans, sans-serif\"><span style=\"caret-color: rgb(60, 60, 60);\">Si vous souhaitez participer \u00e0 ce projet vous pouvez faire un don sur la cagnotte d\u00e9di\u00e9e :<\/span><\/font><\/span><br><\/p>\t\t\t\t\t\t<\/div>\n\t\t\t\t<\/div>\n\t\t\t\t\t<\/div>\n\t\t<\/div>\n\t\t\t\t\t<\/div>\n\t\t<\/section>\n\t\t\t\t<section class=\"elementor-section elementor-top-section elementor-element elementor-element-753f578 elementor-section-boxed elementor-section-height-default elementor-section-height-default\" data-id=\"753f578\" data-element_type=\"section\">\n\t\t\t\t\t\t<div class=\"elementor-container elementor-column-gap-default\">\n\t\t\t\t\t<div class=\"elementor-column elementor-col-100 elementor-top-column elementor-element elementor-element-c9ad6bf\" data-id=\"c9ad6bf\" data-element_type=\"column\">\n\t\t\t<div class=\"elementor-widget-wrap elementor-element-populated\">\n\t\t\t\t\t\t<div class=\"elementor-element elementor-element-b69138a elementor-align-center elementor-widget elementor-widget-button\" data-id=\"b69138a\" data-element_type=\"widget\" data-widget_type=\"button.default\">\n\t\t\t\t<div class=\"elementor-widget-container\">\n\t\t\t\t\t<div class=\"elementor-button-wrapper\">\n\t\t\t<a class=\"elementor-button elementor-button-link elementor-size-sm\" href=\"https:\/\/www.leetchi.com\/c\/un-transall-pour-le-musee-1563077\" target=\"_blank\">\n\t\t\t\t\t\t<span class=\"elementor-button-content-wrapper\">\n\t\t\t\t\t\t<span class=\"elementor-button-text\">Cagnotte Transall, cliquez ici<\/span>\n\t\t<\/span>\n\t\t\t\t\t<\/a>\n\t\t<\/div>\n\t\t\t\t<\/div>\n\t\t\t\t<\/div>\n\t\t\t\t\t<\/div>\n\t\t<\/div>\n\t\t\t\t\t<\/div>\n\t\t<\/section>\n\t\t\t\t<\/div>\n\t\t","protected":false},"excerpt":{"rendered":"<p>Le&nbsp;Mus\u00e9e m\u00e9morial des parachutistes&nbsp;fonctionne gr\u00e2ce \u00e0 l&rsquo;aide de ses b\u00e9n\u00e9voles et \u00e0 la g\u00e9n\u00e9rosit\u00e9 de ses visiteurs. Si vous souhaitez aider le mus\u00e9e, vous pouvez le faire de diff\u00e9rentes fa\u00e7ons. Faire un don de documentation Que ce soit \u00e0 propos de votre histoire personnelle au sein des troupes a\u00e9roport\u00e9es ou de la documentation qui concerne plus g\u00e9n\u00e9ralement les \u00e9v\u00e8nements du XXe et XXIe si\u00e8cles, n&rsquo;h\u00e9sitez pas \u00e0 vous rapprocher de l&rsquo;\u00e9quipe du mus\u00e9e. Vos documents rejoindront le centre des archives du mus\u00e9e. Faire un don de mat\u00e9riel Les collections du mus\u00e9e des parachutistes sont constitu\u00e9es de nombreux dons re\u00e7us au fil des ann\u00e9es. Faire un don de mat\u00e9riel vous permet d&rsquo;apporter votre pierre \u00e0 la construction de la m\u00e9moire des troupes a\u00e9roport\u00e9es.N&rsquo;h\u00e9sitez pas \u00e0 vous rapprocher de l&rsquo;\u00e9quipe du mus\u00e9e. Faire un don financier Le mus\u00e9e-m\u00e9morial des parachutistes oeuvre au quotidien pour pr\u00e9server la m\u00e9moire et le patrimoine des parachutistes.&nbsp; Nous sommes aujourd\u2019hui \u00e0 la recherche de nouveaux contributeurs pour soutenir un projet qui nous tient particuli\u00e8rement \u00e0 coeur. C\u2019est pourquoi nous faisons appel \u00e0 votre soutien et votre g\u00e9n\u00e9rosit\u00e9 pour nous aider \u00e0 r\u00e9aliser le transfert du Transall C-160 R211 de l\u2019a\u00e9roport de Pau vers le site du mus\u00e9e-m\u00e9morial des parachutistes. La contribution des premiers donateurs a permis en 2023 de r\u00e9aliser le d\u00e9montage et d\u2019am\u00e9nager la zone d\u2019accueil de l\u2019a\u00e9ronef. Nous avons besoin de vous pour contribuer au financement du transport et du remontage. Ainsi toute aide apport\u00e9e sera pr\u00e9cieuse et nous permettra de concr\u00e9tiser ce projet. Si vous souhaitez participer \u00e0 ce projet vous pouvez faire un don sur la cagnotte d\u00e9di\u00e9e : Cagnotte Transall, cliquez ici<\/p>\n","protected":false},"author":1,"featured_media":0,"parent":0,"menu_order":0,"comment_status":"closed","ping_status":"closed","template":"","meta":{"footnotes":""},"class_list":["post-80","page","type-page","status-publish","hentry"],"jetpack_sharing_enabled":true,"_links":{"self":[{"href":"https:\/\/museedesparachutistes.com\/index.php?rest_route=\/wp\/v2\/pages\/80"}],"collection":[{"href":"https:\/\/museedesparachutistes.com\/index.php?rest_route=\/wp\/v2\/pages"}],"about":[{"href":"https:\/\/museedesparachutistes.com\/index.php?rest_route=\/wp\/v2\/types\/page"}],"author":[{"embeddable":true,"href":"https:\/\/museedesparachutistes.com\/index.php?rest_route=\/wp\/v2\/users\/1"}],"replies":[{"embeddable":true,"href":"https:\/\/museedesparachutistes.com\/index.php?rest_route=%2Fwp%2Fv2%2Fcomments&post=80"}],"version-history":[{"count":30,"href":"https:\/\/museedesparachutistes.com\/index.php?rest_route=\/wp\/v2\/pages\/80\/revisions"}],"predecessor-version":[{"id":1027,"href":"https:\/\/museedesparachutistes.com\/index.php?rest_route=\/wp\/v2\/pages\/80\/revisions\/1027"}],"wp:attachment":[{"href":"https:\/\/museedesparachutistes.com\/index.php?rest_route=%2Fwp%2Fv2%2Fmedia&parent=80"}],"curies":[{"name":"wp","href":"https:\/\/api.w.org\/{rel}","templated":true}]}}